{"id":2046,"date":"2024-12-12T10:29:25","date_gmt":"2024-12-12T09:29:25","guid":{"rendered":"https:\/\/jean-philippe-bach.fr\/?page_id=2046"},"modified":"2025-12-14T17:00:43","modified_gmt":"2025-12-14T16:00:43","slug":"a-la-maison","status":"publish","type":"page","link":"https:\/\/jean-philippe-bach.fr\/index.php\/a-la-maison\/","title":{"rendered":"\u00c0 la maison"},"content":{"rendered":"<p>[et_pb_section fb_built=\u00a0\u00bb1&Prime; fullwidth=\u00a0\u00bbon\u00a0\u00bb admin_label=\u00a0\u00bbHero\u00a0\u00bb _builder_version=\u00a0\u00bb4.27.2&Prime; background_color=\u00a0\u00bb#a3a3a3&Prime; background_image=\u00a0\u00bbhttps:\/\/jean-philippe-bach.fr\/wp-content\/uploads\/2024\/10\/fractal-hypnose.webp\u00a0\u00bb background_repeat=\u00a0\u00bbrepeat-y\u00a0\u00bb width=\u00a0\u00bb100%\u00a0\u00bb max_width=\u00a0\u00bb100%\u00a0\u00bb min_height=\u00a0\u00bb100px\u00a0\u00bb height=\u00a0\u00bb441px\u00a0\u00bb custom_margin=\u00a0\u00bb0px|0px|0px|0px|true|true\u00a0\u00bb custom_padding=\u00a0\u00bb0px|0px|0px|0px|true|true\u00a0\u00bb global_colors_info=\u00a0\u00bb{}\u00a0\u00bb][et_pb_fullwidth_header title=\u00a0\u00bbContinuer la Th\u00e9rapie \u00e0 la Maison\u00a0\u00bb button_one_url=\u00a0\u00bbhttps:\/\/calendly.com\/jean-philippe-bach\/seancehypnose\u00a0\u00bb button_two_text=\u00a0\u00bbCONTACTEZ-MOI\u00a0\u00bb button_two_url=\u00a0\u00bbtel:%220612495541%22&Prime; content_max_width=\u00a0\u00bb700px\u00a0\u00bb _builder_version=\u00a0\u00bb4.27.4&Prime; title_font=\u00a0\u00bbAleo|700|||||||\u00a0\u00bb title_font_size=\u00a0\u00bb70px\u00a0\u00bb title_line_height=\u00a0\u00bb1.3em\u00a0\u00bb content_font=\u00a0\u00bb||||||||\u00a0\u00bb content_font_size=\u00a0\u00bb20px\u00a0\u00bb subhead_font=\u00a0\u00bbAleo|700|||||||\u00a0\u00bb subhead_font_size=\u00a0\u00bb25px\u00a0\u00bb subhead_line_height=\u00a0\u00bb1.8em\u00a0\u00bb background_color=\u00a0\u00bbrgba(0,0,0,0)\u00a0\u00bb use_background_color_gradient=\u00a0\u00bbon\u00a0\u00bb background_color_gradient_direction=\u00a0\u00bb305deg\u00a0\u00bb background_color_gradient_stops=\u00a0\u00bbrgba(53,80,160,0) 33%|#00a4d6 100%\u00a0\u00bb background_color_gradient_overlays_image=\u00a0\u00bbon\u00a0\u00bb background_color_gradient_start=\u00a0\u00bbrgba(53,80,160,0.27)\u00a0\u00bb background_color_gradient_end=\u00a0\u00bb#3550a0&Prime; custom_button_one=\u00a0\u00bbon\u00a0\u00bb button_one_text_size=\u00a0\u00bb15px\u00a0\u00bb button_one_text_color=\u00a0\u00bb#FFFFFF\u00a0\u00bb button_one_bg_color=\u00a0\u00bbrgba(0,164,214,0.58)\u00a0\u00bb button_one_border_width=\u00a0\u00bb2px\u00a0\u00bb button_one_border_color=\u00a0\u00bb#FFFFFF\u00a0\u00bb button_one_border_radius=\u00a0\u00bb100px\u00a0\u00bb button_one_letter_spacing=\u00a0\u00bb2px\u00a0\u00bb button_one_font=\u00a0\u00bbAleo|900|||||||\u00a0\u00bb button_one_use_icon=\u00a0\u00bboff\u00a0\u00bb button_one_custom_padding=\u00a0\u00bb|40px||40px|false|false\u00a0\u00bb button_one_custom_padding_tablet=\u00a0\u00bb|||50px|false|false\u00a0\u00bb button_one_custom_padding_phone=\u00a0\u00bb|30px||30px|false|true\u00a0\u00bb button_one_custom_padding_last_edited=\u00a0\u00bbon|phone\u00a0\u00bb custom_button_two=\u00a0\u00bbon\u00a0\u00bb button_two_text_size=\u00a0\u00bb15px\u00a0\u00bb button_two_text_color=\u00a0\u00bb#FFFFFF\u00a0\u00bb button_two_bg_color=\u00a0\u00bbrgba(0,164,214,0.58)\u00a0\u00bb button_two_border_width=\u00a0\u00bb2px\u00a0\u00bb button_two_border_color=\u00a0\u00bb#FFFFFF\u00a0\u00bb button_two_border_radius=\u00a0\u00bb100px\u00a0\u00bb button_two_letter_spacing=\u00a0\u00bb2px\u00a0\u00bb button_two_font=\u00a0\u00bbAleo|900|||||||\u00a0\u00bb button_two_use_icon=\u00a0\u00bboff\u00a0\u00bb button_two_custom_padding=\u00a0\u00bb|40px||40px|false|false\u00a0\u00bb button_two_custom_padding_tablet=\u00a0\u00bb|||50px|false|false\u00a0\u00bb button_two_custom_padding_phone=\u00a0\u00bb|30px||30px|false|true\u00a0\u00bb button_two_custom_padding_last_edited=\u00a0\u00bbon|phone\u00a0\u00bb min_height=\u00a0\u00bb444px\u00a0\u00bb custom_margin=\u00a0\u00bb||2px|||\u00a0\u00bb custom_padding=\u00a0\u00bb4vw||0vw||false|\u00a0\u00bb custom_padding_tablet=\u00a0\u00bb7vw||7vw||true|\u00a0\u00bb custom_padding_phone=\u00a0\u00bb6vw||0vw||false|false\u00a0\u00bb custom_padding_last_edited=\u00a0\u00bbon|desktop\u00a0\u00bb title_font_tablet=\u00a0\u00bbArial|700|||||||\u00a0\u00bb title_font_phone=\u00a0\u00bbArial|700|||||||\u00a0\u00bb title_font_last_edited=\u00a0\u00bbon|phone\u00a0\u00bb title_font_size_tablet=\u00a0\u00bb50px\u00a0\u00bb title_font_size_phone=\u00a0\u00bb41px\u00a0\u00bb title_font_size_last_edited=\u00a0\u00bbon|phone\u00a0\u00bb subhead_font_size_tablet=\u00a0\u00bb25px\u00a0\u00bb subhead_font_size_phone=\u00a0\u00bb19px\u00a0\u00bb subhead_font_size_last_edited=\u00a0\u00bbon|phone\u00a0\u00bb title_text_shadow_style=\u00a0\u00bbpreset1&Prime; subhead_text_shadow_style=\u00a0\u00bbpreset1&Prime; box_shadow_style_button_one=\u00a0\u00bbpreset1&Prime; box_shadow_style_button_two=\u00a0\u00bbpreset1&Prime; button_one_text_color_hover=\u00a0\u00bb#3550a0&Prime; button_two_text_color_hover=\u00a0\u00bb#ffffff\u00a0\u00bb button_one_bg_color_hover=\u00a0\u00bbrgba(255,255,255,0.8)\u00a0\u00bb button_two_bg_color_hover=\u00a0\u00bbrgba(255,255,255,0.3)\u00a0\u00bb global_colors_info=\u00a0\u00bb{}\u00a0\u00bb button_one_text_size__hover_enabled=\u00a0\u00bboff\u00a0\u00bb button_two_text_size__hover_enabled=\u00a0\u00bboff\u00a0\u00bb button_one_text_color__hover_enabled=\u00a0\u00bbon|desktop\u00a0\u00bb button_one_text_color__hover=\u00a0\u00bb#00A4D6&Prime; button_two_text_color__hover_enabled=\u00a0\u00bbon|desktop\u00a0\u00bb button_two_text_color__hover=\u00a0\u00bb#00A4D6&Prime; button_one_border_width__hover_enabled=\u00a0\u00bboff\u00a0\u00bb button_two_border_width__hover_enabled=\u00a0\u00bboff\u00a0\u00bb button_one_border_color__hover_enabled=\u00a0\u00bboff\u00a0\u00bb button_two_border_color__hover_enabled=\u00a0\u00bboff\u00a0\u00bb button_one_border_radius__hover_enabled=\u00a0\u00bboff\u00a0\u00bb button_two_border_radius__hover_enabled=\u00a0\u00bboff\u00a0\u00bb button_one_letter_spacing__hover_enabled=\u00a0\u00bboff\u00a0\u00bb button_two_letter_spacing__hover_enabled=\u00a0\u00bboff\u00a0\u00bb button_one_bg_color__hover_enabled=\u00a0\u00bbon\u00a0\u00bb button_one_bg_color__hover=\u00a0\u00bbrgba(255,255,255,0.8)\u00a0\u00bb button_two_bg_color__hover_enabled=\u00a0\u00bbon\u00a0\u00bb button_two_bg_color__hover=\u00a0\u00bbrgba(255,255,255,0.8)\u00a0\u00bb background__hover_enabled=\u00a0\u00bboff|desktop\u00a0\u00bb][\/et_pb_fullwidth_header][et_pb_fullwidth_header _builder_version=\u00a0\u00bb4.27.2&Prime; _module_preset=\u00a0\u00bbdefault\u00a0\u00bb global_colors_info=\u00a0\u00bb{}\u00a0\u00bb][\/et_pb_fullwidth_header][\/et_pb_section][et_pb_section fb_built=\u00a0\u00bb1&Prime; _builder_version=\u00a0\u00bb4.27.4&Prime; _module_preset=\u00a0\u00bbdefault\u00a0\u00bb global_colors_info=\u00a0\u00bb{}\u00a0\u00bb][et_pb_row _builder_version=\u00a0\u00bb4.27.4&Prime; _module_preset=\u00a0\u00bbdefault\u00a0\u00bb global_colors_info=\u00a0\u00bb{}\u00a0\u00bb][et_pb_column type=\u00a0\u00bb4_4&Prime; _builder_version=\u00a0\u00bb4.27.4&Prime; _module_preset=\u00a0\u00bbdefault\u00a0\u00bb global_colors_info=\u00a0\u00bb{}\u00a0\u00bb][et_pb_text _builder_version=\u00a0\u00bb4.27.4&Prime; _module_preset=\u00a0\u00bbdefault\u00a0\u00bb global_colors_info=\u00a0\u00bb{}\u00a0\u00bb]<\/p>\n<h2>Bienvenue dans votre espace !<\/h2>\n<p>Sur cette page, vous trouverez des <strong>ressources gratuites<\/strong> pour pouvoir continuer le travail commenc\u00e9 ensemble, \u00e0 la maison ! <span>\ud83d\ude03<\/span><\/p>\n<p>Pour cela, je vous ai pr\u00e9par\u00e9 :<\/p>\n<ol>\n<li>une <strong><span style=\"color: #e8a820;\"><a href=\"#vid\u00e9o\" style=\"color: #e8a820;\">vid\u00e9o explicative<\/a><\/span><\/strong> qui reprend de nombreux points clefs vu en s\u00e9ance<\/li>\n<li>une s\u00e9rie d&rsquo;<span style=\"color: #e8a820;\"><strong><a href=\"#Audios\" style=\"color: #e8a820;\">audios d&rsquo;autohypnose<\/a><\/strong><\/span><\/li>\n<li>des <span style=\"color: #e8a820;\"><a href=\"#exercices\" style=\"color: #e8a820;\"><strong>exercices pratiques<\/strong><\/a><\/span><\/li>\n<\/ol>\n<p>Tout cela se trouve sur cette m\u00eame page en libre acc\u00e8s, vous n&rsquo;avez qu&rsquo;\u00e0 cliquer sur les liens pour vous retrouver au bon endroit !<\/p>\n<p>[\/et_pb_text][\/et_pb_column][\/et_pb_row][et_pb_row module_id=\u00a0\u00bbAudios\u00a0\u00bb _builder_version=\u00a0\u00bb4.27.4&Prime; _module_preset=\u00a0\u00bbdefault\u00a0\u00bb custom_padding=\u00a0\u00bb61px|||||\u00a0\u00bb global_colors_info=\u00a0\u00bb{}\u00a0\u00bb][et_pb_column type=\u00a0\u00bb4_4&Prime; _builder_version=\u00a0\u00bb4.27.4&Prime; _module_preset=\u00a0\u00bbdefault\u00a0\u00bb global_colors_info=\u00a0\u00bb{}\u00a0\u00bb][et_pb_text _builder_version=\u00a0\u00bb4.27.4&Prime; _module_preset=\u00a0\u00bbdefault\u00a0\u00bb global_colors_info=\u00a0\u00bb{}\u00a0\u00bb]<\/p>\n<h2>Conseils d&rsquo;utilisations<\/h2>\n<p>Ces audios utilisent l&rsquo;\u00e9tat de d\u00e9tente du corps et de l&rsquo;esprit pour ancrer profond\u00e9ment et durablement les changements d\u00e9sir\u00e9s. Je vous conseille donc de les \u00e9couter dans un endroit calme, o\u00f9 vous ne serez pas d\u00e9rang\u00e9. <em>Je vous d\u00e9conseille fortement leur utilisation lors de la conduite en voiture<\/em>.<\/p>\n<p>Plus vous les \u00e9coutez, plus les effets seront visibles et concrets. <strong>Votre inconscient aime la r\u00e9p\u00e9tition<\/strong>, c&rsquo;est \u00e0 travers elle qu&rsquo;il construit de nouvelles croyances, habitudes, &#8230; Une \u00e9coute par jour sur une p\u00e9riode de 7 \u00e0 10 jours est un excellent point de d\u00e9part.<\/p>\n<p>L&rsquo;important dans l&rsquo;exp\u00e9rience que vous offre ces audios, est <strong>votre capacit\u00e9 \u00e0 vous projeter dans les sc\u00e8nes d\u00e9crites, <\/strong>ainsi que <strong>votre aptitude \u00e0 ressentir les sensations<\/strong> (sentiments, \u00e9motions) vers lesquelles il vous pousse. Vos sentiments sont \u00e0 la base de toutes croyances. En vous connectant aux ressentis que vous d\u00e9sirez vivre, vous cr\u00e9ez votre r\u00e9alit\u00e9 de la mani\u00e8re la plus consciente et volontaire qu&rsquo;il soit !<\/p>\n<p>Bonne \u00e9coute !<\/p>\n<p>[\/et_pb_text][et_pb_audio audio=\u00a0\u00bbhttps:\/\/jean-philippe-bach.fr\/wp-content\/uploads\/2025\/05\/Audio-de-preparation-Seance-dHypnose.mp3&Prime; title=\u00a0\u00bbPR\u00c9PARATION \u00c0 LA S\u00c9ANCE D&rsquo;HYPNOSE\u00a0\u00bb image_url=\u00a0\u00bbhttps:\/\/jean-philippe-bach.fr\/wp-content\/uploads\/2024\/10\/fractal-hypnose.webp\u00a0\u00bb _builder_version=\u00a0\u00bb4.27.4&Prime; _module_preset=\u00a0\u00bbdefault\u00a0\u00bb title_font=\u00a0\u00bb|||on|||||\u00a0\u00bb title_font_size=\u00a0\u00bb22px\u00a0\u00bb background_color=\u00a0\u00bbrgba(0,164,214,0.63)\u00a0\u00bb module_alignment=\u00a0\u00bbcenter\u00a0\u00bb title_text_shadow_style=\u00a0\u00bbpreset1&Prime; border_color_all=\u00a0\u00bb#E8A820&Prime; box_shadow_style=\u00a0\u00bbpreset1&Prime; global_colors_info=\u00a0\u00bb{}\u00a0\u00bb][\/et_pb_audio][et_pb_audio audio=\u00a0\u00bbhttps:\/\/jean-philippe-bach.fr\/wp-content\/uploads\/2025\/06\/Enfant-interieur.mp3&Prime; title=\u00a0\u00bbENFANT INT\u00c9RIEUR\u00a0\u00bb image_url=\u00a0\u00bbhttps:\/\/jean-philippe-bach.fr\/wp-content\/uploads\/2025\/06\/guierison-enfant-interieur.jpg\u00a0\u00bb _builder_version=\u00a0\u00bb4.27.4&Prime; _module_preset=\u00a0\u00bbdefault\u00a0\u00bb title_font=\u00a0\u00bb|||on|||||\u00a0\u00bb title_font_size=\u00a0\u00bb22px\u00a0\u00bb background_color=\u00a0\u00bbrgba(0,164,214,0.63)\u00a0\u00bb module_alignment=\u00a0\u00bbcenter\u00a0\u00bb title_text_shadow_style=\u00a0\u00bbpreset1&Prime; border_color_all=\u00a0\u00bb#E8A820&Prime; box_shadow_style=\u00a0\u00bbpreset1&Prime; global_colors_info=\u00a0\u00bb{}\u00a0\u00bb][\/et_pb_audio][et_pb_audio audio=\u00a0\u00bbhttps:\/\/jean-philippe-bach.fr\/wp-content\/uploads\/2025\/01\/LacherPrise-Version-Complete.mp3&Prime; title=\u00a0\u00bbL\u00c2CHER-PRISE\u00a0\u00bb image_url=\u00a0\u00bbhttps:\/\/jean-philippe-bach.fr\/wp-content\/uploads\/2024\/11\/Hypnose-Confiance-en-soi.webp\u00a0\u00bb _builder_version=\u00a0\u00bb4.27.4&Prime; _module_preset=\u00a0\u00bbdefault\u00a0\u00bb title_font=\u00a0\u00bb|||on|||||\u00a0\u00bb title_font_size=\u00a0\u00bb22px\u00a0\u00bb background_color=\u00a0\u00bbrgba(0,164,214,0.63)\u00a0\u00bb module_alignment=\u00a0\u00bbcenter\u00a0\u00bb title_text_shadow_style=\u00a0\u00bbpreset1&Prime; border_color_all=\u00a0\u00bb#E8A820&Prime; box_shadow_style=\u00a0\u00bbpreset1&Prime; global_colors_info=\u00a0\u00bb{}\u00a0\u00bb][\/et_pb_audio][et_pb_audio audio=\u00a0\u00bbhttps:\/\/jean-philippe-bach.fr\/wp-content\/uploads\/2025\/05\/Sentiment-Securite2.mp3&Prime; title=\u00a0\u00bbSENTIMENT DE S\u00c9CURIT\u00c9\u00a0\u00bb image_url=\u00a0\u00bbhttps:\/\/jean-philippe-bach.fr\/wp-content\/uploads\/2025\/05\/se-sentir-protege.jpg\u00a0\u00bb _builder_version=\u00a0\u00bb4.27.4&Prime; _module_preset=\u00a0\u00bbdefault\u00a0\u00bb title_font=\u00a0\u00bb|||on|||||\u00a0\u00bb title_font_size=\u00a0\u00bb22px\u00a0\u00bb background_color=\u00a0\u00bbrgba(0,164,214,0.63)\u00a0\u00bb module_alignment=\u00a0\u00bbcenter\u00a0\u00bb title_text_shadow_style=\u00a0\u00bbpreset1&Prime; border_color_all=\u00a0\u00bb#E8A820&Prime; box_shadow_style=\u00a0\u00bbpreset1&Prime; global_colors_info=\u00a0\u00bb{}\u00a0\u00bb][\/et_pb_audio][et_pb_audio audio=\u00a0\u00bbhttps:\/\/jean-philippe-bach.fr\/wp-content\/uploads\/2025\/07\/Premier-Pas-en-Meditation.mp3&Prime; title=\u00a0\u00bbPremier pas en m\u00e9ditation\u00a0\u00bb image_url=\u00a0\u00bbhttps:\/\/jean-philippe-bach.fr\/wp-content\/uploads\/2025\/07\/apprendre-la-meditation.jpg\u00a0\u00bb _builder_version=\u00a0\u00bb4.27.4&Prime; _module_preset=\u00a0\u00bbdefault\u00a0\u00bb title_font=\u00a0\u00bb|||on|||||\u00a0\u00bb title_font_size=\u00a0\u00bb22px\u00a0\u00bb background_color=\u00a0\u00bbrgba(0,164,214,0.63)\u00a0\u00bb module_alignment=\u00a0\u00bbcenter\u00a0\u00bb title_text_shadow_style=\u00a0\u00bbpreset1&Prime; border_color_all=\u00a0\u00bb#E8A820&Prime; box_shadow_style=\u00a0\u00bbpreset1&Prime; global_colors_info=\u00a0\u00bb{}\u00a0\u00bb][\/et_pb_audio][et_pb_audio audio=\u00a0\u00bbhttps:\/\/jean-philippe-bach.fr\/wp-content\/uploads\/2025\/09\/Therapeute2.0.mp3&Prime; title=\u00a0\u00bbSP\u00c9CIAL POUR LES TH\u00c9RAPEUTES\u00a0\u00bb image_url=\u00a0\u00bbhttps:\/\/jean-philippe-bach.fr\/wp-content\/uploads\/2025\/09\/therapeute.png\u00a0\u00bb _builder_version=\u00a0\u00bb4.27.4&Prime; _module_preset=\u00a0\u00bbdefault\u00a0\u00bb title_font=\u00a0\u00bb|||on|||||\u00a0\u00bb title_font_size=\u00a0\u00bb22px\u00a0\u00bb background_color=\u00a0\u00bbrgba(0,164,214,0.63)\u00a0\u00bb module_alignment=\u00a0\u00bbcenter\u00a0\u00bb title_text_shadow_style=\u00a0\u00bbpreset1&Prime; border_color_all=\u00a0\u00bb#E8A820&Prime; box_shadow_style=\u00a0\u00bbpreset1&Prime; global_colors_info=\u00a0\u00bb{}\u00a0\u00bb][\/et_pb_audio][\/et_pb_column][\/et_pb_row][et_pb_row module_id=\u00a0\u00bbexercices\u00a0\u00bb _builder_version=\u00a0\u00bb4.27.4&Prime; _module_preset=\u00a0\u00bbdefault\u00a0\u00bb global_colors_info=\u00a0\u00bb{}\u00a0\u00bb][et_pb_column type=\u00a0\u00bb4_4&Prime; _builder_version=\u00a0\u00bb4.27.4&Prime; _module_preset=\u00a0\u00bbdefault\u00a0\u00bb global_colors_info=\u00a0\u00bb{}\u00a0\u00bb][et_pb_text _builder_version=\u00a0\u00bb4.27.4&Prime; _module_preset=\u00a0\u00bbdefault\u00a0\u00bb custom_padding=\u00a0\u00bb40px|||||\u00a0\u00bb global_colors_info=\u00a0\u00bb{}\u00a0\u00bb]<\/p>\n<h2>Guide du Bien-\u00catre<\/h2>\n<p>En s\u00e9ance, je n&rsquo;ai pas toujours le temps de vous expliquer en d\u00e9tail certains points th\u00e9oriques. Et je ne veux pas non plus vous noyer sous les informations ! J&rsquo;ai donc d\u00e9cid\u00e9 de vous faire un r\u00e9cap de tout ce que nous pouvons aborder, des sujets qui vous touchent en particulier.<\/p>\n<p>Dans cette vid\u00e9o, vous retrouverez donc des concepts qui sont au fondement de votre bien-\u00eatre, des m\u00e9caniques simples qui demande \u00e0 \u00eatre comprise pour rapidemement aller de l&rsquo;avant.<\/p>\n<p>[\/et_pb_text][et_pb_video src=\u00a0\u00bbhttps:\/\/www.youtube.com\/watch?v=LAM3Z_G5Jx4&#038;t=1330s&#038;ab_channel=Jean-PhilippeBACH\u00a0\u00bb module_id=\u00a0\u00bbvid\u00e9o\u00a0\u00bb _builder_version=\u00a0\u00bb4.27.4&Prime; _module_preset=\u00a0\u00bbdefault\u00a0\u00bb custom_margin=\u00a0\u00bb||24px|||\u00a0\u00bb global_colors_info=\u00a0\u00bb{}\u00a0\u00bb][\/et_pb_video][et_pb_text _builder_version=\u00a0\u00bb4.27.4&Prime; _module_preset=\u00a0\u00bbdefault\u00a0\u00bb global_colors_info=\u00a0\u00bb{}\u00a0\u00bb]<\/p>\n<h2>Exercices Pratiques<\/h2>\n<p><span>Avez-vous d\u00e9j\u00e0 enqu\u00eat\u00e9 sur vos \u00e9motions ? Comprenez-vous r\u00e9ellement vos r\u00e9actions ? Votre angoisse, votre stress ? Voici un exercice qui vous aidera \u00e0 y voir plus clair, et \u00e0 rapidement cheminer vers du mieux-\u00eatre ! <\/span><\/p>\n<p><span style=\"color: #e8a820;\"><strong>Le Journal des \u00c9motions :<\/strong><\/span><\/p>\n<p>[\/et_pb_text][et_pb_video src=\u00a0\u00bbhttps:\/\/www.youtube.com\/watch?v=z5hQU1gdqoQ&#038;t=83s&#038;ab_channel=Jean-PhilippeBACH\u00a0\u00bb module_id=\u00a0\u00bbvid\u00e9o\u00a0\u00bb _builder_version=\u00a0\u00bb4.27.4&Prime; _module_preset=\u00a0\u00bbdefault\u00a0\u00bb custom_margin=\u00a0\u00bb||40px|||\u00a0\u00bb global_colors_info=\u00a0\u00bb{}\u00a0\u00bb][\/et_pb_video][et_pb_text _builder_version=\u00a0\u00bb4.27.4&Prime; _module_preset=\u00a0\u00bbdefault\u00a0\u00bb custom_margin=\u00a0\u00bb||24px|||\u00a0\u00bb global_colors_info=\u00a0\u00bb{}\u00a0\u00bb]<\/p>\n<p><span>Avez-vous r\u00e9ellement consid\u00e9r\u00e9 les possibilit\u00e9s qu&rsquo;offre votre imagination ? Gr\u00e2ce \u00e0 elle, vous pouvez vous focaliser sur n&rsquo;importe quel ressenti : vous pouvez vous sentir riche, aim\u00e9 ou en parfaite sant\u00e9, et commencer \u00e0 cr\u00e9er cela dans votre vie !<\/span><\/p>\n<p><span style=\"color: #e8a820;\"><strong>Le Pouvoir de l&rsquo;Esprit :<\/strong><\/span><span><\/span><\/p>\n<p><span><\/span><\/p>\n<p>[\/et_pb_text][et_pb_video src=\u00a0\u00bbhttps:\/\/youtu.be\/WY68UhywMEE\u00a0\u00bb module_id=\u00a0\u00bbvid\u00e9o\u00a0\u00bb _builder_version=\u00a0\u00bb4.27.4&Prime; _module_preset=\u00a0\u00bbdefault\u00a0\u00bb custom_margin=\u00a0\u00bb||24px|||\u00a0\u00bb global_colors_info=\u00a0\u00bb{}\u00a0\u00bb][\/et_pb_video][et_pb_text _builder_version=\u00a0\u00bb4.27.4&Prime; _module_preset=\u00a0\u00bbdefault\u00a0\u00bb custom_margin=\u00a0\u00bb44px||24px|||\u00a0\u00bb global_colors_info=\u00a0\u00bb{}\u00a0\u00bb]<\/p>\n<p><span>Et si la m\u00e9ditation \u00e9tait la solution \u00e0 votre stress, angoisse, ou m\u00eame pulsions ? Peu de gens le savent, mais cette pratique a le pouvoir de changer votre vie&#8230;<\/span><\/p>\n<p><span style=\"color: #e8a820;\"><strong>La M\u00e9ditation :<\/strong><\/span><span><\/span><\/p>\n<p><span><\/span><\/p>\n<p>[\/et_pb_text][et_pb_video src=\u00a0\u00bbhttps:\/\/www.youtube.com\/watch?v=Kh6tZTm-tqk&#038;ab_channel=Jean-PhilippeBACH\u00a0\u00bb module_id=\u00a0\u00bbvid\u00e9o\u00a0\u00bb _builder_version=\u00a0\u00bb4.27.4&Prime; _module_preset=\u00a0\u00bbdefault\u00a0\u00bb custom_margin=\u00a0\u00bb-7px||24px|||\u00a0\u00bb global_colors_info=\u00a0\u00bb{}\u00a0\u00bb][\/et_pb_video][et_pb_text _builder_version=\u00a0\u00bb4.27.4&Prime; _module_preset=\u00a0\u00bbdefault\u00a0\u00bb custom_margin=\u00a0\u00bb106px||24px|||\u00a0\u00bb global_colors_info=\u00a0\u00bb{}\u00a0\u00bb]<\/p>\n<p><span style=\"color: #000000;\">Avez-vous d\u00e9j\u00e0 r\u00e9fl\u00e9chis \u00e0 la relation que vous pouvez entretenir avec vous-m\u00eame ? Et si cette relation \u00e0 Soi \u00e9tait la clef de votre transformation, de votre bien-\u00eatre ?<\/span><\/p>\n<p><span><span style=\"color: #e8a820;\"><strong>La relation \u00e0 Soi<\/strong><\/span><\/span><\/p>\n<p>[\/et_pb_text][et_pb_video src=\u00a0\u00bbhttps:\/\/www.youtube.com\/watch?v=KTBpn36ELFs&#038;ab_channel=Jean-PhilippeBACH\u00a0\u00bb module_id=\u00a0\u00bbvid\u00e9o\u00a0\u00bb _builder_version=\u00a0\u00bb4.27.4&Prime; _module_preset=\u00a0\u00bbdefault\u00a0\u00bb custom_margin=\u00a0\u00bb||24px|||\u00a0\u00bb global_colors_info=\u00a0\u00bb{}\u00a0\u00bb][\/et_pb_video][\/et_pb_column][\/et_pb_row][et_pb_row column_structure=\u00a0\u00bb1_3,1_3,1_3&Prime; _builder_version=\u00a0\u00bb4.27.2&Prime; _module_preset=\u00a0\u00bbdefault\u00a0\u00bb global_colors_info=\u00a0\u00bb{}\u00a0\u00bb][et_pb_column type=\u00a0\u00bb1_3&Prime; _builder_version=\u00a0\u00bb4.27.2&Prime; _module_preset=\u00a0\u00bbdefault\u00a0\u00bb global_colors_info=\u00a0\u00bb{}\u00a0\u00bb][et_pb_icon font_icon=\u00a0\u00bb&#xe081;||divi||400&Prime; icon_color=\u00a0\u00bb#00a4d6&Prime; icon_width=\u00a0\u00bb66px\u00a0\u00bb url=\u00a0\u00bbhttps:\/\/maps.app.goo.gl\/4FNtPHpRSn4vq5gS9&Prime; url_new_window=\u00a0\u00bbon\u00a0\u00bb _builder_version=\u00a0\u00bb4.27.2&Prime; _module_preset=\u00a0\u00bbdefault\u00a0\u00bb custom_margin=\u00a0\u00bb||36px|||\u00a0\u00bb global_colors_info=\u00a0\u00bb{}\u00a0\u00bb][\/et_pb_icon][et_pb_text _builder_version=\u00a0\u00bb4.27.4&Prime; _module_preset=\u00a0\u00bbdefault\u00a0\u00bb custom_margin=\u00a0\u00bb-18px|||||\u00a0\u00bb custom_padding=\u00a0\u00bb0px|||||\u00a0\u00bb global_colors_info=\u00a0\u00bb{}\u00a0\u00bb]<\/p>\n<h5 style=\"text-align: center;\"><strong>2113 Route de Saint-\u00c9tienne-de-Tulmont<\/strong><\/h5>\n<h5 style=\"text-align: center;\"><strong>82230 L\u00c9OJAC<\/strong><\/h5>\n<p>[\/et_pb_text][\/et_pb_column][et_pb_column type=\u00a0\u00bb1_3&Prime; _builder_version=\u00a0\u00bb4.27.2&Prime; _module_preset=\u00a0\u00bbdefault\u00a0\u00bb global_colors_info=\u00a0\u00bb{}\u00a0\u00bb][et_pb_icon font_icon=\u00a0\u00bb&#xf879;||fa||900&Prime; icon_color=\u00a0\u00bb#00a4d6&Prime; icon_width=\u00a0\u00bb66px\u00a0\u00bb _builder_version=\u00a0\u00bb4.27.2&Prime; _module_preset=\u00a0\u00bbdefault\u00a0\u00bb global_colors_info=\u00a0\u00bb{}\u00a0\u00bb][\/et_pb_icon][et_pb_text _builder_version=\u00a0\u00bb4.27.2&Prime; _module_preset=\u00a0\u00bbdefault\u00a0\u00bb global_colors_info=\u00a0\u00bb{}\u00a0\u00bb]<\/p>\n<h5 style=\"text-align: center;\"><strong>06 12 49 55 41<\/strong><\/h5>\n<p>[\/et_pb_text][\/et_pb_column][et_pb_column type=\u00a0\u00bb1_3&Prime; _builder_version=\u00a0\u00bb4.27.2&Prime; _module_preset=\u00a0\u00bbdefault\u00a0\u00bb global_colors_info=\u00a0\u00bb{}\u00a0\u00bb][et_pb_icon font_icon=\u00a0\u00bb&#xf0e0;||fa||900&Prime; icon_color=\u00a0\u00bb#00a4d6&Prime; icon_width=\u00a0\u00bb66px\u00a0\u00bb _builder_version=\u00a0\u00bb4.27.2&Prime; _module_preset=\u00a0\u00bbdefault\u00a0\u00bb global_colors_info=\u00a0\u00bb{}\u00a0\u00bb][\/et_pb_icon][et_pb_text _builder_version=\u00a0\u00bb4.27.2&Prime; _module_preset=\u00a0\u00bbdefault\u00a0\u00bb global_colors_info=\u00a0\u00bb{}\u00a0\u00bb]<\/p>\n<h5 style=\"text-align: center;\"><strong>jp.bach.31@gmail.com<\/strong><\/h5>\n<p>[\/et_pb_text][\/et_pb_column][\/et_pb_row][\/et_pb_section]<\/p>\n","protected":false},"excerpt":{"rendered":"<p>Bienvenue dans votre espace ! Sur cette page, vous trouverez des ressources gratuites pour pouvoir continuer le travail commenc\u00e9 ensemble, \u00e0 la maison ! \ud83d\ude03 Pour cela, je vous ai pr\u00e9par\u00e9 : une vid\u00e9o explicative qui reprend de nombreux points clefs vu en s\u00e9ance une s\u00e9rie d&rsquo;audios d&rsquo;autohypnose des exercices pratiques Tout cela se trouve [&hellip;]<\/p>\n","protected":false},"author":1,"featured_media":0,"parent":0,"menu_order":0,"comment_status":"closed","ping_status":"closed","template":"","meta":{"_et_pb_use_builder":"on","_et_pb_old_content":"","_et_gb_content_width":"","footnotes":""},"class_list":["post-2046","page","type-page","status-publish","hentry"],"_links":{"self":[{"href":"https:\/\/jean-philippe-bach.fr\/index.php\/wp-json\/wp\/v2\/pages\/2046","targetHints":{"allow":["GET"]}}],"collection":[{"href":"https:\/\/jean-philippe-bach.fr\/index.php\/wp-json\/wp\/v2\/pages"}],"about":[{"href":"https:\/\/jean-philippe-bach.fr\/index.php\/wp-json\/wp\/v2\/types\/page"}],"author":[{"embeddable":true,"href":"https:\/\/jean-philippe-bach.fr\/index.php\/wp-json\/wp\/v2\/users\/1"}],"replies":[{"embeddable":true,"href":"https:\/\/jean-philippe-bach.fr\/index.php\/wp-json\/wp\/v2\/comments?post=2046"}],"version-history":[{"count":33,"href":"https:\/\/jean-philippe-bach.fr\/index.php\/wp-json\/wp\/v2\/pages\/2046\/revisions"}],"predecessor-version":[{"id":2693,"href":"https:\/\/jean-philippe-bach.fr\/index.php\/wp-json\/wp\/v2\/pages\/2046\/revisions\/2693"}],"wp:attachment":[{"href":"https:\/\/jean-philippe-bach.fr\/index.php\/wp-json\/wp\/v2\/media?parent=2046"}],"curies":[{"name":"wp","href":"https:\/\/api.w.org\/{rel}","templated":true}]}}